0566191 a composite number?
True
Is 16543376897 a composite number?
False
Is 4668690421 prime?
False
Is 1570419287 composite?
False
Is 858996623 prime?
True
Is 190047997 prime?
False
Is 1514804029 composite?
True
Is 2753063569 a prime number?
True
Is 1384132642 composite?
True
Is 178328942611 prime?
False
Is 1479931967 a composite number?
False
Is 6210095993 composite?
False
Is 192382033 composite?
False
Is 4427474329 a prime number?
True
Is 11036817049 a prime number?
False
Is 3063382733 a composite number?
True
Is 570924917 prime?
True
Is 1983213569 a composite number?
False
Is 619977653 prime?
False
Is 1235185667 prime?
False
Is 1375756463 a prime number?
True
Is 10217674615 prime?
False
Is 17995862 a composite number?
True
Is 37026684501 a prime number?
False
Is 44536523923 a composite number?
False
Is 807499313 prime?
True
Is 1090411403 a prime number?
True
Is 1224346297 a prime number?
False
Is 28997301479 a prime number?
False
Is 16283712551 composite?
True
Is 25493823163 a composite number?
True
Is 12485399813 a composite number?
False
Is 178732874239 a composite number?
True
Is 16524956237 composite?
False
Is 745952209 a composite number?
False
Is 11763697483 a prime number?
False
Is 5069593163 a prime number?
True
Is 6244746923 a prime number?
True
Is 493076587 a prime number?
False
Is 16396434211 a prime number?
True
Is 6395779991 a composite number?
False
Is 171839929 composite?
True
Is 76620935305 a composite number?
True
Is 19722149 a composite number?
False
Is 27058542503 prime?
True
Is 17723987 prime?
False
Is 408487984141 composite?
False
Is 1084347931 a prime number?
False
Is 357237931 a prime number?
True
Is 14078859703 a composite number?
False
Is 8425720931 composite?
True
Is 947577359 a composite number?
False
Is 20333065357 a prime number?
False
Is 221397179 prime?
True
Is 9225564059 prime?
False
Is 170497603769 a prime number?
True
Is 192639757 composite?
True
Is 4142746247 a prime number?
True
Is 109710809077 prime?
False
Is 779298959 composite?
False
Is 2923922231 a composite number?
False
Is 19267552783 a prime number?
True
Is 73028291179 prime?
False
Is 2225347529 a composite number?
True
Is 320917813 a composite number?
True
Is 483416471 prime?
False
Is 68822681 a prime number?
False
Is 104883600529 a composite number?
False
Is 366635741 composite?
True
Is 4542917263 a prime number?
True
Is 82921833109 a composite number?
True
Is 124179473729 a prime number?
True
Is 9527836921 prime?
True
Is 11095677471 a composite number?
True
Is 5552656789 a prime number?
False
Is 12241459123 composite?
True
Is 896653403 prime?
True
Is 3416007467 composite?
False
Is 9377978699 a prime number?
True
Is 20050424533 composite?
True
Is 559298441 a prime number?
False
Is 18874225021 prime?
False
Is 37789523773 prime?
False
Is 858854329 prime?
True
Is 1588769837 prime?
True
Is 44906593213 composite?
True
Is 43901925253 a composite number?
True
Is 5520962921 a composite number?
False
Is 8737397257 prime?
False
Is 2291580649 a prime number?
True
Is 79459055777 prime?
False
Is 11772248219 prime?
True
Is 331672633 a prime number?
True
Is 34958935039 a prime number?
False
Is 5017743343 a composite number?
True
Is 6094059421 composite?
True
Is 1071655093 prime?
True
Is 221011201 a composite number?
False
Is 8829703499 a composite number?
False
Is 2785218245 a prime number?
False
Is 3650276537 prime?
False
Is 13964317439 a composite number?
True
Is 7048031441 composite?
True
Is 44242780717 prime?
False
Is 1537632491 a composite number?
False
Is 1457058157 prime?
False
Is 45723765781 composite?
False
Is 8688626699 prime?
True
Is 35926328887 composite?
False
Is 326198827 prime?
True
Is 4327572077 a prime number?
True
Is 18688363783 a composite number?
False
Is 42168669197 composite?
False
Is 12283971977 a composite number?
False
Is 2742881681 prime?
True
Is 24511878429 a composite number?
True
Is 3390285497 a prime number?
True
Is 6360222247 prime?
False
Is 938753003 composite?
True
Is 2485067023 a prime number?
False
Is 2987646271 prime?
False
Is 5563706129 a composite number?
False
Is 52565532457 prime?
True
Is 2340088739 prime?
False
Is 286297903 composite?
False
Is 21147866681 composite?
False
Is 6649944683 a composite number?
False
Is 1456980163 composite?
False
Is 40414077751 composite?
False
Is 25632633431 a composite number?
True
Is 5024011287 a prime number?
False
Is 155538973 composite?
False
Is 4109701109 a composite number?
True
Is 4463520739 prime?
False
Is 404833951 composite?
True
Is 8963621357 composite?
False
Is 2423215157 composite?
True
Is 902792413 prime?
False
Is 270244913 a composite number?
True
Is 15990335261 composite?
False
Is 15989849671 a prime number?
True
Is 10205869771 composite?
True
Is 91417919009 a composite number?
False
Is 4094664283 composite?
False
Is 171387527 a prime number?
False
Is 33095477 prime?
True
Is 7623612065 prime?
False
Is 2590414521 prime?
False
Is 15771499 a composite number?
False
Is 221199686 composite?
True
Is 25769926634 a composite number?
True
Is 5994235201 prime?
True
Is 763939523 composite?
True
Is 21743307211 a composite number?
True
Is 491150938633 composite?
False
Is 49004119069 a prime number?
False
Is 11324433121 prime?
True
Is 136797173 prime?
True
Is 1617978563 a prime number?
True
Is 57651909377 a composite number?
False
Is 5313304147 a prime number?
False
Is 11057234359 prime?
True
Is 5235751667 composite?
False
Is 11972730383 a prime number?
False
Is 21458530307 prime?
False
Is 16393566851 prime?
True
Is 36360770899 prime?
True
Is 813573869 a prime number?
False
Is 5715438229 prime?
True
Is 9801352263 prime?
False
Is 4805555387 a composite number?
True
Is 1093192715 prime?
False
Is 1316471197 prime?
True
Is 12286061489 composite?
True
Is 70353823 a composite number?
True
Is 8799972409 a composite number?
False
Is 82213645 composite?
True
Is 3604710773 a prime number?
True
Is 198260654 prime?
False
Is 1216457789 prime?
False
Is 1181794143 composite?
True
Is 2479867801 prime?
True
Is 12984336181 a prime number?
True
Is 9036177869 prime?
False
Is 3419295433 prime?
True
Is 995301449 composite?
False
Is 2262148453 composite?
False
Is 3701271733 a prime number?
False
Is 2267031577 a prime number?
False
Is 321855257 a composite number?
False
Is 216366719 prime?
True
Is 628885801 prime?
True
Is 11597070893 a composite number?
False
Is 571175281 a prime number?
False
Is 6806700701 composite?
False
Is 768845515 a composite number?
True
Is 2045271497 a composite number?
False
Is 833938969 a composite number?
True
Is 1324226273 prime?
False
Is 1078178 a composite number?
True
Is 10293621959 prime?
True
Is 759061217 composite?
False
Is 615332127 prime?
False
Is 1158133967 a prime number?
True
Is 11854411 a composite number?
False
Is 508790743 prime?
True
Is 10788368467 a prime number?
True
Is 4897742747 prime?
False
Is 76660453193 a composite number?
True
Is 142712447 prime?
False
Is 12664791961 a composite number?
False
Is 755818391 a composite number?
False
Is 533470501 a composite number?
False
Is 1388389463 a composite number?
True
Is 3163488739 a prime number?
False
Is 8754187327 composite?
False
Is 26431732823 a prime number?
False
Is 582009013 prime?
False
Is 681813749 a prime number?
True
Is 4666185341 a composite number?
False
Is 734652209 a composite number?
False
Is 2106040889 prime?
True
Is 4457839453 prime?
True
Is 12309328883 composite?
False
Is 5039165149 a composite number?
False
Is 2045207589 a composite number?
True
Is 379933753 composite?
False
Is 2135984269 a prime number?
True
Is 1803414791 prime?
False
Is 3331654283 prime?
False
Is 11473889657 composite?
False
Is 1482602347 a composite number?
False
Is 895914127 prime?
False
Is 2245407869 composite?
False
Is 1262290871 composite?
False
Is 736658617 composite?
True
Is 2812066667 a prime number?
True
Is 460177091203 a prime number?
False
Is 403454789 composite?
True
Is 5461593469 prime?
False
Is 1362319727 a composite number?
True
Is 1041530927 composite?
True
Is 369486389 a composite number?
False
Is 46086809387 prime?
True
Is 6749064023 composite?
True
Is 1920931955 a prime number?
False
Is 10412268599 composite?
False
Is 664279255 composite?
True
Is 5294109173 a prime number?
False
Is 158879803 prime?
True
Is 7